alse
Is 1649850581 prime?
True
Is 15985278839 a composite number?
False
Is 3734896357 a prime number?
True
Is 195607501 prime?
False
Is 829698791 a composite number?
True
Is 10968557099 prime?
True
Is 33794609647 a prime number?
False
Is 480922531 prime?
True
Is 100654803493 a composite number?
False
Is 406996531 a prime number?
True
Is 12044436253 prime?
True
Is 341321139569 composite?
False
Is 7935931889 composite?
False
Is 13291080967 a prime number?
True
Is 146614518899 prime?
False
Is 38513401 a prime number?
True
Is 33312819446 a prime number?
False
Is 326322343 a composite number?
True
Is 8052073 a prime number?
True
Is 861901827 prime?
False
Is 2803389887 a composite number?
False
Is 5411706697 composite?
True
Is 2232421589 a composite number?
True
Is 17320621 a composite number?
True
Is 62224160989 a prime number?
True
Is 78386812157 composite?
False
Is 54702985223 prime?
True
Is 739323173 a composite number?
True
Is 11516987597 composite?
False
Is 548833057 a prime number?
True
Is 553058827 composite?
False
Is 77153935723 prime?
True
Is 9132841009 a composite number?
True
Is 99997123 a prime number?
False
Is 14299709147 a composite number?
False
Is 590058449 a composite number?
False
Is 1461482543 a prime number?
True
Is 114172109 composite?
False
Is 39982117423 a prime number?
False
Is 975202321 composite?
False
Is 11712947413 a composite number?
True
Is 2487877237 a composite number?
False
Is 17950831177 composite?
False
Is 1340545783 prime?
True
Is 464057093 a composite number?
True
Is 3725789461 a prime number?
False
Is 2924775853 prime?
True
Is 15151188929 composite?
False
Is 4949676197 composite?
False
Is 8246109577 a composite number?
True
Is 1266502631 prime?
False
Is 561033289 prime?
False
Is 1714817191 a composite number?
True
Is 701385553 a prime number?
False
Is 8543544099 a prime number?
False
Is 1435120601 composite?
False
Is 7535628059 prime?
True
Is 145819603 composite?
False
Is 13550051 prime?
False
Is 287813779 a composite number?
True
Is 30657163 composite?
False
Is 172519042013 composite?
False
Is 1212242719 prime?
False
Is 2696526671 prime?
False
Is 151854146029 prime?
False
Is 225131293 composite?
False
Is 150386066107 prime?
True
Is 15986949541 a prime number?
True
Is 5665842249 a prime number?
False
Is 31348179839 a composite number?
False
Is 5108983153 a prime number?
False
Is 86320642763 prime?
True
Is 13625526973 composite?
False
Is 16964158027 a composite number?
True
Is 69063139 composite?
True
Is 1688184709 a composite number?
True
Is 88934507 a composite number?
False
Is 39482491 a prime number?
False
Is 11025693755 a composite number?
True
Is 7130727517 a prime number?
True
Is 812287253 a composite number?
False
Is 17661396421 a composite number?
True
Is 4688254681 a composite number?
True
Is 5333120231 composite?
False
Is 21879083 composite?
False
Is 3011126093 a prime number?
False
Is 7659049199 a prime number?
True
Is 1794734297 a composite number?
False
Is 5734882763 composite?
False
Is 346915747 composite?
True
Is 156425981 composite?
False
Is 3409212113 a prime number?
False
Is 5070210337 a composite number?
False
Is 3011398457 a composite number?
False
Is 309006585947 composite?
False
Is 27720611693 composite?
True
Is 22219015157 a composite number?
False
Is 2322846179 composite?
True
Is 9627609497 a prime number?
False
Is 12198033091 a prime number?
False
Is 2475832159 composite?
False
Is 8942932109 a composite number?
True
Is 1359751685 composite?
True
Is 451102727 prime?
True
Is 21750457 prime?
True
Is 117849818791 a composite number?
True
Is 32869025089 prime?
False
Is 6314948069 a composite number?
True
Is 36193529869 composite?
True
Is 95867953 a prime number?
True
Is 9952544669 a composite number?
False
Is 10783318681 composite?
True
Is 13143187 prime?
True
Is 888007247 a prime number?
False
Is 46893164147 a prime number?
True
Is 823844531 prime?
False
Is 431086169 a prime number?
False
Is 1251462203 a prime number?
True
Is 50855617685 a prime number?
False
Is 2256985079 composite?
False
Is 7410880507 composite?
True
Is 145960169 a prime number?
True
Is 2994725989 a composite number?
False
Is 171828311 a composite number?
False
Is 112216857 composite?
True
Is 178177336223 composite?
False
Is 964985354 prime?
False
Is 5674501277 prime?
True
Is 19181547211 a composite number?
False
Is 14627475871 prime?
False
Is 1501256651 a composite number?
False
Is 59792424137 composite?
True
Is 70723786143 a composite number?
True
Is 1219458139 a prime number?
True
Is 16722501437 composite?
False
Is 611486959 a prime number?
False
Is 534667807 composite?
True
Is 3523817807 composite?
True
Is 22677907507 prime?
False
Is 3665840821 a composite number?
False
Is 2439172543 prime?
False
Is 225981281 a composite number?
False
Is 8381157123 prime?
False
Is 69545856253 composite?
False
Is 12169560691 a prime number?
True
Is 5824187567 prime?
False
Is 29416248149 a prime number?
False
Is 54468074279 a prime number?
True
Is 37074817223 composite?
False
Is 513097121 composite?
True
Is 2410944113 composite?
False
Is 779726993 a composite number?
False
Is 574582951 prime?
False
Is 6310516109 prime?
True
Is 263013136951 composite?
False
Is 265032929 composite?
True
Is 20220955907 composite?
False
Is 4988823233 prime?
False
Is 4294716365 a prime number?
False
Is 2796769 a composite number?
True
Is 2287720769 prime?
True
Is 47020986049 a prime number?
False
Is 5074440577 a prime number?
True
Is 1321308767 composite?
False
Is 2398348097 a prime number?
True
Is 1894779037 a composite number?
False
Is 73223781473 prime?
True
Is 2600387033 a prime number?
True
Is 4260671381 prime?
True
Is 3802455763 a composite number?
True
Is 25574163257 a prime number?
True
Is 10166253037 a composite number?
False
Is 1243394231 composite?
False
Is 1342954315 composite?
True
Is 53979226391 a prime number?
True
Is 622069473491 a composite number?
False
Is 785293127 prime?
False
Is 95581062253 a prime number?
True
Is 895849319 composite?
False
Is 1124293463 a composite number?
False
Is 437580973 composite?
False
Is 11730106907 composite?
True
Is 815137553 a prime number?
True
Is 5981263241 composite?
False
Is 7169553671 composite?
True
Is 7626638053 composite?
False
Is 7447306727 a prime number?
False
Is 1981386851 prime?
True
Is 323501253 composite?
True
Is 45096864233 a prime number?
False
Is 3245860759 composite?
False
Is 218135543 a prime number?
True
Is 17422572003 a composite number?
True
Is 4139563081 prime?
False
Is 3385526819 a composite number?
True
Is 1400264543 a composite number?
False
Is 2273864513 a composite number?
False
Is 157570985659 prime?
False
Is 9893709029 composite?
False
Is 2446077593 a prime number?
False
Is 18721802009 composite?
True
Is 4322779409 a composite number?
True
Is 28795302647 a composite number?
True
Is 4138047269 a prime number?
True
Is 1592277299 prime?
False
Is 17045499641 prime?
False
Is 2824394197 a composite number?
False
Is 66095889673 a composite number?
True
Is 12973107001 a composite number?
True
Is 229647289 prime?
True
Is 81221177 prime?
True
Is 664332457 a prime number?
False
Is 3062531 a composite number?
False
Is 4409165177 a prime number?
False
Is 29161525511 prime?
True
Is 4847245079 a composite number?
False
Is 9310026757 a composite number?
False
Is 9706414717 composite?
False
Is 18541841023 a prime number?
False
Is 27785533183 a composite number?
False
Is 1639760609 composite?
False
Is 45368471 prime?
True
Is 2962509157 prime?
False
Is 30367000654 prime?
False
Is 6155629829 prime?
True
Is 1166958643 a prime number?
False
Is 10426354373 composite?
False
Is 4626489079 a prime number?
False
Is 99927166 a prime number?
False
Is 1024172119 prime?
False
Is 22185959629 prime?
False
Is 141156396011 a prime number?
False
Is 2424843527 a prime number?
False
Is 2007024641 a prime number?
False
Is 11471444797 composite?
False
Is 487789255 a composite number?
True
Is 20466526651 a prime number?
True
Is 26524878529 prime?
False
Is 17039202839 a prime number?
True
Is 530075731 composite?
True
Is 5489383013 a composite number?
False
Is 12176803007 a composite number?
True
Is 260701367 a composite number?
False
Is 3274060087 composite?
False
Is 17982893629 prime?
True
Is 78383821 a prime numbe